{"id":46,"date":"2019-02-08T14:37:19","date_gmt":"2019-02-08T13:37:19","guid":{"rendered":"http:\/\/amisjosephvaylet.fr\/?page_id=46"},"modified":"2024-12-28T09:55:30","modified_gmt":"2024-12-28T08:55:30","slug":"lassociation","status":"publish","type":"page","link":"https:\/\/amisjosephvaylet.fr\/?page_id=46","title":{"rendered":"L&rsquo;association"},"content":{"rendered":"<p><a name=\"haut\"><\/a><br \/>\n<em><strong>Les objets de l&rsquo;association :<\/strong><\/em><\/p>\n<p style=\"text-align: justify; padding-left: 1cm; text-indent: 1cm;\">Perp\u00e9tuer le souvenir et l\u2019\u0153uvre du f\u00e9libre majoral Joseph Vaylet, notamment par l&rsquo;\u00e9dition, la valorisation de ses ouvrages, par la gestion, la conservation et la mise \u00e0 disposition au public du fonds de la biblioth\u00e8que de recherche Joseph Vaylet et par la socialisation et la promotion de la langue et de la culture occitanes.<\/p>\n<p><em><strong>Le bureau :<\/strong><\/em><\/p>\n<ul style=\"padding-left: 50px;\">\n<li style=\"list-style-type: none;\">\n<ul style=\"padding-left: 50px;\">\n<li>Pr\u00e9sidente : Eliane MOISSET<\/li>\n<li>Vice-Pr\u00e9sident : Zefir BOSC <strong>\u2020<\/strong> (1927-2020)<\/li>\n<li>Secr\u00e9taire : G\u00e9rard FERRAND<\/li>\n<li>Tr\u00e9sorier : Guy BOULOC<\/li>\n<\/ul>\n<\/li>\n<\/ul>\n<p><a href=\"https:\/\/amisjosephvaylet.fr\/wp-content\/uploads\/2024\/12\/Carte-Amis-de-Joseph-Vaylet-couleur-scaled.jpg\" target=\"_blank\" rel=\"noopener\"><img loading=\"lazy\" decoding=\"async\" class=\" wp-image-2911\" src=\"https:\/\/amisjosephvaylet.fr\/wp-content\/uploads\/2024\/12\/Carte-Amis-de-Joseph-Vaylet-couleur-300x144.jpg\" alt=\"\" width=\"1152\" height=\"553\" srcset=\"https:\/\/amisjosephvaylet.fr\/wp-content\/uploads\/2024\/12\/Carte-Amis-de-Joseph-Vaylet-couleur-300x144.jpg 300w, https:\/\/amisjosephvaylet.fr\/wp-content\/uploads\/2024\/12\/Carte-Amis-de-Joseph-Vaylet-couleur-1024x492.jpg 1024w, https:\/\/amisjosephvaylet.fr\/wp-content\/uploads\/2024\/12\/Carte-Amis-de-Joseph-Vaylet-couleur-768x369.jpg 768w, https:\/\/amisjosephvaylet.fr\/wp-content\/uploads\/2024\/12\/Carte-Amis-de-Joseph-Vaylet-couleur-1536x738.jpg 1536w, https:\/\/amisjosephvaylet.fr\/wp-content\/uploads\/2024\/12\/Carte-Amis-de-Joseph-Vaylet-couleur-2048x985.jpg 2048w, https:\/\/amisjosephvaylet.fr\/wp-content\/uploads\/2024\/12\/Carte-Amis-de-Joseph-Vaylet-couleur-1200x577.jpg 1200w\" sizes=\"auto, (max-width: 709px) 85vw, (max-width: 909px) 67vw, (max-width: 1362px) 62vw, 840px\" \/><\/a><\/p>\n<p>&nbsp;<\/p>\n","protected":false},"excerpt":{"rendered":"<p>Les objets de l&rsquo;association : Perp\u00e9tuer le souvenir et l\u2019\u0153uvre du f\u00e9libre majoral Joseph Vaylet, notamment par l&rsquo;\u00e9dition, la valorisation de ses ouvrages, par la gestion, la conservation et la mise \u00e0 disposition au public du fonds de la biblioth\u00e8que de recherche Joseph Vaylet et par la socialisation et la promotion de la langue et &hellip; <a href=\"https:\/\/amisjosephvaylet.fr\/?page_id=46\" class=\"more-link\">Continuer la lecture<span class=\"screen-reader-text\"> de &laquo;&nbsp;L&rsquo;association&nbsp;&raquo;<\/span><\/a><\/p>\n","protected":false},"author":3,"featured_media":0,"parent":0,"menu_order":0,"comment_status":"closed","ping_status":"closed","template":"","meta":{"footnotes":""},"class_list":["post-46","page","type-page","status-publish","hentry"],"_links":{"self":[{"href":"https:\/\/amisjosephvaylet.fr\/index.php?rest_route=\/wp\/v2\/pages\/46","targetHints":{"allow":["GET"]}}],"collection":[{"href":"https:\/\/amisjosephvaylet.fr\/index.php?rest_route=\/wp\/v2\/pages"}],"about":[{"href":"https:\/\/amisjosephvaylet.fr\/index.php?rest_route=\/wp\/v2\/types\/page"}],"author":[{"embeddable":true,"href":"https:\/\/amisjosephvaylet.fr\/index.php?rest_route=\/wp\/v2\/users\/3"}],"replies":[{"embeddable":true,"href":"https:\/\/amisjosephvaylet.fr\/index.php?rest_route=%2Fwp%2Fv2%2Fcomments&post=46"}],"version-history":[{"count":23,"href":"https:\/\/amisjosephvaylet.fr\/index.php?rest_route=\/wp\/v2\/pages\/46\/revisions"}],"predecessor-version":[{"id":123,"href":"https:\/\/amisjosephvaylet.fr\/index.php?rest_route=\/wp\/v2\/pages\/46\/revisions\/123"}],"wp:attachment":[{"href":"https:\/\/amisjosephvaylet.fr\/index.php?rest_route=%2Fwp%2Fv2%2Fmedia&parent=46"}],"curies":[{"name":"wp","href":"https:\/\/api.w.org\/{rel}","templated":true}]}}