{"id":415,"date":"2020-01-31T14:56:02","date_gmt":"2020-01-31T13:56:02","guid":{"rendered":"http:\/\/amisjosephvaylet.fr\/?page_id=415"},"modified":"2023-01-15T23:26:45","modified_gmt":"2023-01-15T22:26:45","slug":"ouvrages-en-vente","status":"publish","type":"page","link":"https:\/\/amisjosephvaylet.fr\/?page_id=415","title":{"rendered":"Ouvrages en vente"},"content":{"rendered":"<p>&nbsp;<\/p>\n<table style=\"width: 100%;\" border=\"0\" width=\"600\" cellspacing=\"0\" cellpadding=\"0\">\n<caption>Ouvrages de Joseph Vaylet<\/caption>\n<tbody>\n<tr>\n<td width=\"200\"><img loading=\"lazy\" decoding=\"async\" class=\"size-medium wp-image-428 alignnone\" src=\"https:\/\/amisjosephvaylet.fr\/wp-content\/uploads\/2020\/01\/Gloire-et-misere-e1580483435574-188x300.jpg\" alt=\"\" width=\"188\" height=\"200\" \/><\/td>\n<td style=\"text-align: center;\" valign=\"center\">\n<h5>Gloire et Mis\u00e8re<\/h5>\n<p>Po\u00e8mes de guerre<\/p>\n<p><em>(Mus\u00e9e JV et Amis JV Bulletin d\u2019Espalion)<\/em><br \/>\n2015<\/td>\n<\/tr>\n<tr>\n<td><img loading=\"lazy\" decoding=\"async\" class=\"size-medium wp-image-427 alignnone\" src=\"https:\/\/amisjosephvaylet.fr\/wp-content\/uploads\/2020\/01\/Cridals-e1580483451245-208x300.jpg\" alt=\"\" width=\"208\" height=\"300\" srcset=\"https:\/\/amisjosephvaylet.fr\/wp-content\/uploads\/2020\/01\/Cridals-e1580483451245-208x300.jpg 208w, https:\/\/amisjosephvaylet.fr\/wp-content\/uploads\/2020\/01\/Cridals-e1580483451245-768x1105.jpg 768w, https:\/\/amisjosephvaylet.fr\/wp-content\/uploads\/2020\/01\/Cridals-e1580483451245-711x1024.jpg 711w, https:\/\/amisjosephvaylet.fr\/wp-content\/uploads\/2020\/01\/Cridals-e1580483451245-1200x1727.jpg 1200w, https:\/\/amisjosephvaylet.fr\/wp-content\/uploads\/2020\/01\/Cridals-e1580483451245.jpg 1489w\" sizes=\"auto, (max-width: 208px) 85vw, 208px\" \/><\/td>\n<td valign=\"center\">\n<h5 style=\"text-align: center;\">Cridals<\/h5>\n<p style=\"text-align: center;\">d\u2019un Ancian Combatent 1914-1918<\/p>\n<p style=\"text-align: center;\"><em>(Grelh Roerg\u00e0s et Amis JV)<\/em><br \/>\n2017<\/p>\n<\/td>\n<\/tr>\n<tr>\n<td valign=\"center\"><img loading=\"lazy\" decoding=\"async\" class=\"size-medium wp-image-426 alignnone\" src=\"https:\/\/amisjosephvaylet.fr\/wp-content\/uploads\/2020\/01\/Chants-occitans-e1580483471674-212x300.jpg\" alt=\"\" width=\"212\" height=\"300\" srcset=\"https:\/\/amisjosephvaylet.fr\/wp-content\/uploads\/2020\/01\/Chants-occitans-e1580483471674-212x300.jpg 212w, https:\/\/amisjosephvaylet.fr\/wp-content\/uploads\/2020\/01\/Chants-occitans-e1580483471674-768x1088.jpg 768w, https:\/\/amisjosephvaylet.fr\/wp-content\/uploads\/2020\/01\/Chants-occitans-e1580483471674-723x1024.jpg 723w, https:\/\/amisjosephvaylet.fr\/wp-content\/uploads\/2020\/01\/Chants-occitans-e1580483471674-1200x1700.jpg 1200w, https:\/\/amisjosephvaylet.fr\/wp-content\/uploads\/2020\/01\/Chants-occitans-e1580483471674.jpg 1555w\" sizes=\"auto, (max-width: 212px) 85vw, 212px\" \/><\/td>\n<td valign=\"center\">\n<p style=\"text-align: center;\">D&rsquo;Aubrac a la Val d&rsquo;\u00d2lt<\/p>\n<h5 style=\"text-align: center;\">Chants occitans<\/h5>\n<p style=\"text-align: center;\"><em>(Amis JV Grelh Roerg\u00e0s)<\/em><br \/>\n2019 &#8211; R\u00e9\u00e9dit\u00e9 en 2021<\/p>\n<\/td>\n<\/tr>\n<tr>\n<td><img loading=\"lazy\" decoding=\"async\" class=\"size-medium wp-image-425 alignnone\" src=\"https:\/\/amisjosephvaylet.fr\/wp-content\/uploads\/2020\/01\/Catalogue-expo-Vaylet-239x300.jpg\" alt=\"\" width=\"239\" height=\"300\" srcset=\"https:\/\/amisjosephvaylet.fr\/wp-content\/uploads\/2020\/01\/Catalogue-expo-Vaylet-239x300.jpg 239w, https:\/\/amisjosephvaylet.fr\/wp-content\/uploads\/2020\/01\/Catalogue-expo-Vaylet-768x966.jpg 768w, https:\/\/amisjosephvaylet.fr\/wp-content\/uploads\/2020\/01\/Catalogue-expo-Vaylet-814x1024.jpg 814w, https:\/\/amisjosephvaylet.fr\/wp-content\/uploads\/2020\/01\/Catalogue-expo-Vaylet-1200x1509.jpg 1200w\" sizes=\"auto, (max-width: 239px) 85vw, 239px\" \/><\/td>\n<td valign=\"center\">\n<h5 style=\"text-align: center;\">Joseph Vaylet<\/h5>\n<p style=\"text-align: center;\">Majoral du F\u00e9librige et Po\u00e8te collectionneur<\/p>\n<p style=\"text-align: center;\"><em>(Mus\u00e9e des Moeurs et Coutumes d&rsquo;Espalion)<\/em><br \/>\n2019<\/p>\n<\/td>\n<\/tr>\n<tr>\n<td><img loading=\"lazy\" decoding=\"async\" class=\"size-medium wp-image-2042 alignnone\" src=\"https:\/\/amisjosephvaylet.fr\/wp-content\/uploads\/2023\/01\/Rimas-en-lenga-mairala-une-de-couverture-211x300.jpg\" alt=\"\" width=\"211\" height=\"300\" srcset=\"https:\/\/amisjosephvaylet.fr\/wp-content\/uploads\/2023\/01\/Rimas-en-lenga-mairala-une-de-couverture-211x300.jpg 211w, https:\/\/amisjosephvaylet.fr\/wp-content\/uploads\/2023\/01\/Rimas-en-lenga-mairala-une-de-couverture-768x1093.jpg 768w, https:\/\/amisjosephvaylet.fr\/wp-content\/uploads\/2023\/01\/Rimas-en-lenga-mairala-une-de-couverture-720x1024.jpg 720w, https:\/\/amisjosephvaylet.fr\/wp-content\/uploads\/2023\/01\/Rimas-en-lenga-mairala-une-de-couverture-1200x1707.jpg 1200w, https:\/\/amisjosephvaylet.fr\/wp-content\/uploads\/2023\/01\/Rimas-en-lenga-mairala-une-de-couverture.jpg 1743w\" sizes=\"auto, (max-width: 211px) 85vw, 211px\" \/><\/td>\n<td valign=\"center\">\n<h5 style=\"text-align: center;\">Joseph Vaylet<br \/>\n<em>Po\u00e8ta trobador<\/em><\/h5>\n<p style=\"text-align: center;\"><em>Rimas en lenga mairala<\/em><\/p>\n<p style=\"text-align: center;\"><em>(Amis JV Grelh Roerg\u00e0s)<\/em><br \/>\n2022<\/p>\n<\/td>\n<\/tr>\n<\/tbody>\n<\/table>\n<p style=\"text-indent: 1cm;\">Ces ouvrages sont en vente chez la plupart des libraires du Nord-Aveyron. Vous pouvez aussi vous les procurer aupr\u00e8s de notre association en nous renvoyant le bon de commande accompagn\u00e9 du r\u00e8glement par ch\u00e8que.<\/p>\n<p><a href=\"https:\/\/amisjosephvaylet.fr\/wp-content\/uploads\/2020\/02\/BON-DE-COMMANDE-livres-JV.pdf\" target=\"_blank\" rel=\"noopener\">\u2192 T\u00e9l\u00e9charger le bon de commande<\/a>.<\/p>\n","protected":false},"excerpt":{"rendered":"<p>&nbsp; Ouvrages de Joseph Vaylet Gloire et Mis\u00e8re Po\u00e8mes de guerre (Mus\u00e9e JV et Amis JV Bulletin d\u2019Espalion) 2015 Cridals d\u2019un Ancian Combatent 1914-1918 (Grelh Roerg\u00e0s et Amis JV) 2017 D&rsquo;Aubrac a la Val d&rsquo;\u00d2lt Chants occitans (Amis JV Grelh Roerg\u00e0s) 2019 &#8211; R\u00e9\u00e9dit\u00e9 en 2021 Joseph Vaylet Majoral du F\u00e9librige et Po\u00e8te collectionneur (Mus\u00e9e &hellip; <a href=\"https:\/\/amisjosephvaylet.fr\/?page_id=415\" class=\"more-link\">Continuer la lecture<span class=\"screen-reader-text\"> de &laquo;&nbsp;Ouvrages en vente&nbsp;&raquo;<\/span><\/a><\/p>\n","protected":false},"author":3,"featured_media":0,"parent":71,"menu_order":30,"comment_status":"closed","ping_status":"closed","template":"","meta":{"footnotes":""},"class_list":["post-415","page","type-page","status-publish","hentry"],"_links":{"self":[{"href":"https:\/\/amisjosephvaylet.fr\/index.php?rest_route=\/wp\/v2\/pages\/415","targetHints":{"allow":["GET"]}}],"collection":[{"href":"https:\/\/amisjosephvaylet.fr\/index.php?rest_route=\/wp\/v2\/pages"}],"about":[{"href":"https:\/\/amisjosephvaylet.fr\/index.php?rest_route=\/wp\/v2\/types\/page"}],"author":[{"embeddable":true,"href":"https:\/\/amisjosephvaylet.fr\/index.php?rest_route=\/wp\/v2\/users\/3"}],"replies":[{"embeddable":true,"href":"https:\/\/amisjosephvaylet.fr\/index.php?rest_route=%2Fwp%2Fv2%2Fcomments&post=415"}],"version-history":[{"count":24,"href":"https:\/\/amisjosephvaylet.fr\/index.php?rest_route=\/wp\/v2\/pages\/415\/revisions"}],"predecessor-version":[{"id":518,"href":"https:\/\/amisjosephvaylet.fr\/index.php?rest_route=\/wp\/v2\/pages\/415\/revisions\/518"}],"up":[{"embeddable":true,"href":"https:\/\/amisjosephvaylet.fr\/index.php?rest_route=\/wp\/v2\/pages\/71"}],"wp:attachment":[{"href":"https:\/\/amisjosephvaylet.fr\/index.php?rest_route=%2Fwp%2Fv2%2Fmedia&parent=415"}],"curies":[{"name":"wp","href":"https:\/\/api.w.org\/{rel}","templated":true}]}}