{"id":1559,"date":"2021-11-26T13:18:30","date_gmt":"2021-11-26T12:18:30","guid":{"rendered":"http:\/\/amisjosephvaylet.fr\/?page_id=1559"},"modified":"2021-11-29T22:43:35","modified_gmt":"2021-11-29T21:43:35","slug":"los-dos-felibres-majorals-de-la-val-nalta-dolt","status":"publish","type":"page","link":"https:\/\/amisjosephvaylet.fr\/?page_id=1559","title":{"rendered":"Los dos Felibres Majorals de la Val Nalta d&rsquo;\u00d2lt"},"content":{"rendered":"<p><a href=\"https:\/\/amisjosephvaylet.fr\/wp-content\/uploads\/2021\/11\/Zefir-Bosc-et-Joseph-Vaylet-6-juillet-1978-photo-Am\u00e9d\u00e9e-Galan-pour-site.jpg\" target=\"_blank\" rel=\"noopener\"><img loading=\"lazy\" decoding=\"async\" class=\"alignnone size-medium wp-image-1593\" src=\"https:\/\/amisjosephvaylet.fr\/wp-content\/uploads\/2021\/11\/Zefir-Bosc-et-Joseph-Vaylet-6-juillet-1978-photo-Am\u00e9d\u00e9e-Galan-pour-site-300x213.jpg\" alt=\"\" width=\"300\" height=\"213\" srcset=\"https:\/\/amisjosephvaylet.fr\/wp-content\/uploads\/2021\/11\/Zefir-Bosc-et-Joseph-Vaylet-6-juillet-1978-photo-Am\u00e9d\u00e9e-Galan-pour-site-300x213.jpg 300w, https:\/\/amisjosephvaylet.fr\/wp-content\/uploads\/2021\/11\/Zefir-Bosc-et-Joseph-Vaylet-6-juillet-1978-photo-Am\u00e9d\u00e9e-Galan-pour-site-768x544.jpg 768w, https:\/\/amisjosephvaylet.fr\/wp-content\/uploads\/2021\/11\/Zefir-Bosc-et-Joseph-Vaylet-6-juillet-1978-photo-Am\u00e9d\u00e9e-Galan-pour-site-1024x725.jpg 1024w, https:\/\/amisjosephvaylet.fr\/wp-content\/uploads\/2021\/11\/Zefir-Bosc-et-Joseph-Vaylet-6-juillet-1978-photo-Am\u00e9d\u00e9e-Galan-pour-site.jpg 1063w\" sizes=\"auto, (max-width: 300px) 85vw, 300px\" \/><\/a>Jos\u00e8p Vaylet (1894-1982) e Zefir B\u00f2sc (1927-2020)<br \/>\nLos dos Felibres Majorals de la Val d&rsquo;\u00d2lt<\/p>\n<p>&#8211; <a href=\"https:\/\/amisjosephvaylet.fr\/wp-content\/uploads\/2021\/11\/A-MON-CAR-AMIC-ZEFIR-B\u00d2SC-pour-la-cigale-dargent-1.pdf\" target=\"_blank\" rel=\"noopener\">A MON CAR AMIC ZEFIR B\u00d2SC <\/a><em>per la remesa de sa Cigala d\u2019argent 3 de setembre de 1977<br \/>\n&#8211; <\/em><a href=\"https:\/\/amisjosephvaylet.fr\/wp-content\/uploads\/2021\/11\/Per-la-cigala-daur-de-Zefir-B\u00f2sc-1.pdf\" target=\"_blank\" rel=\"noopener\">PER LA CIGALA D&rsquo;AUR DE ZEFIR B\u00d2SC<\/a> <em>19 octobre 1980<\/em><\/p>\n<ul>\n<li><a href=\"https:\/\/amisjosephvaylet.fr\/wp-content\/uploads\/2021\/11\/Al-Vaylet-Grand-del-Roergue-N\u00f2stre_20211126_0001-1.pdf\" target=\"_blank\" rel=\"noopener\"><span dir=\"ltr\" role=\"presentation\">Al <\/span><span dir=\"ltr\" role=\"presentation\">Vaylet <\/span><span dir=\"ltr\" role=\"presentation\">Grand <\/span><span dir=\"ltr\" role=\"presentation\">del <\/span><span dir=\"ltr\" role=\"presentation\">Roergue <\/span><\/a><span dir=\"ltr\" role=\"presentation\">N\u00f2stre (Espeyrac le 24 d\u00e9cembre 1982) Joseph Vaylet 1894-1982 &#8211; Un amoureux du terroir &#8211; Mus\u00e9e Biblioth\u00e8que Joseph Vaylet &#8211; Juillet 1994<br \/>\n<\/span><\/li>\n<li><a href=\"https:\/\/amisjosephvaylet.fr\/wp-content\/uploads\/2021\/11\/Jos\u00e8p-Vaylet-lo-remosaire-felibrenc_20211126_0001-1.pdf\" target=\"_blank\" rel=\"noopener\"><span dir=\"ltr\" role=\"presentation\">Jos\u00e8p Vaylet<\/span><span dir=\"ltr\" role=\"presentation\">, <\/span><span dir=\"ltr\" role=\"presentation\">lo <\/span><span dir=\"ltr\" role=\"presentation\">remosaire <\/span><\/a><span dir=\"ltr\" role=\"presentation\">felibrenc (Espeyrac mai 1994) Joseph Vaylet 1894-1982 &#8211; Un amoureux du terroir &#8211; Mus\u00e9e Biblioth\u00e8que Joseph Vaylet &#8211; Juillet 1994<br \/>\n<\/span><\/li>\n<li><a href=\"https:\/\/amisjosephvaylet.fr\/wp-content\/uploads\/2021\/11\/Hommage-de-Zefir-Bosc-\u00e0-Vaylet-catalogue-expo-2019.pdf\" target=\"_blank\" rel=\"noopener\"><span dir=\"ltr\" role=\"presentation\">HOMMAGE <\/span><span dir=\"ltr\" role=\"presentation\">DE ZEPHYR <\/span> <\/a><span dir=\"ltr\" role=\"presentation\">BOSC (29 juin 2019) Catalogue de l&rsquo;exposition \u00ab\u00a0Joseph Vaylet Majoral du F\u00e9librige et Po\u00e8te collectionneur\u00a0\u00bb Mus\u00e9e des moeurs et coutumes &#8211; Espalion &#8211; Aveyron<br \/>\n<\/span><\/li>\n<li><a href=\"https:\/\/amisjosephvaylet.fr\/wp-content\/uploads\/2021\/11\/Lo-Barde-e-lArremosaire_20211126_0001-1.pdf\" target=\"_blank\" rel=\"noopener\"><span dir=\"ltr\" role=\"presentation\">OMENATGE <\/span><span dir=\"ltr\" role=\"presentation\">A JOS\u00c8P <\/span><span dir=\"ltr\" role=\"presentation\">VAYLET <\/span><span dir=\"ltr\" role=\"presentation\">(12\/11<\/span>\/<span dir=\"ltr\" role=\"presentation\">1894<\/span><span dir=\"ltr\" role=\"presentation\">-1<\/span><span dir=\"ltr\" role=\"presentation\">9\/<\/span><span dir=\"ltr\" role=\"presentation\">12<\/span>\/1<span dir=\"ltr\" role=\"presentation\">982) <\/span><\/a><span dir=\"ltr\" role=\"presentation\">Noti\u00e7a biografica <\/span><span dir=\"ltr\" role=\"presentation\">e <\/span><span dir=\"ltr\" role=\"presentation\">bibliografica &#8211; Lo Barde e l&rsquo;Arremosaire de la val\u00f2ia d&rsquo;\u00d2lt e de Las Calms d&rsquo;Aubrac &#8211; Jos\u00e8p Vaylet Majoral del Felibrige &#8211; Publicat per l&rsquo;Associacion dels Amics de Jos\u00e8p Vaylet e pel Grelh Roerg\u00e0s (Documents Canta-Grelh n\u00b03 &#8211; 1994)<br \/>\n<\/span><\/li>\n<\/ul>\n<p><em>\u00a0<\/em><\/p>\n","protected":false},"excerpt":{"rendered":"<p>Jos\u00e8p Vaylet (1894-1982) e Zefir B\u00f2sc (1927-2020) Los dos Felibres Majorals de la Val d&rsquo;\u00d2lt &#8211; A MON CAR AMIC ZEFIR B\u00d2SC per la remesa de sa Cigala d\u2019argent 3 de setembre de 1977 &#8211; PER LA CIGALA D&rsquo;AUR DE ZEFIR B\u00d2SC 19 octobre 1980 Al Vaylet Grand del Roergue N\u00f2stre (Espeyrac le 24 d\u00e9cembre &hellip; <a href=\"https:\/\/amisjosephvaylet.fr\/?page_id=1559\" class=\"more-link\">Continuer la lecture<span class=\"screen-reader-text\"> de &laquo;&nbsp;Los dos Felibres Majorals de la Val Nalta d&rsquo;\u00d2lt&nbsp;&raquo;<\/span><\/a><\/p>\n","protected":false},"author":5,"featured_media":0,"parent":0,"menu_order":0,"comment_status":"closed","ping_status":"closed","template":"","meta":{"footnotes":""},"class_list":["post-1559","page","type-page","status-publish","hentry"],"_links":{"self":[{"href":"https:\/\/amisjosephvaylet.fr\/index.php?rest_route=\/wp\/v2\/pages\/1559","targetHints":{"allow":["GET"]}}],"collection":[{"href":"https:\/\/amisjosephvaylet.fr\/index.php?rest_route=\/wp\/v2\/pages"}],"about":[{"href":"https:\/\/amisjosephvaylet.fr\/index.php?rest_route=\/wp\/v2\/types\/page"}],"author":[{"embeddable":true,"href":"https:\/\/amisjosephvaylet.fr\/index.php?rest_route=\/wp\/v2\/users\/5"}],"replies":[{"embeddable":true,"href":"https:\/\/amisjosephvaylet.fr\/index.php?rest_route=%2Fwp%2Fv2%2Fcomments&post=1559"}],"version-history":[{"count":19,"href":"https:\/\/amisjosephvaylet.fr\/index.php?rest_route=\/wp\/v2\/pages\/1559\/revisions"}],"predecessor-version":[{"id":1562,"href":"https:\/\/amisjosephvaylet.fr\/index.php?rest_route=\/wp\/v2\/pages\/1559\/revisions\/1562"}],"wp:attachment":[{"href":"https:\/\/amisjosephvaylet.fr\/index.php?rest_route=%2Fwp%2Fv2%2Fmedia&parent=1559"}],"curies":[{"name":"wp","href":"https:\/\/api.w.org\/{rel}","templated":true}]}}

Los dos Felibres Majorals de la Val Nalta d&rsquo;Òlt

<p><a href="https://amisjosephvaylet.fr/wp-content/uploads/2021/11/Zefir-Bosc-et-Joseph-Vaylet-6-juillet-1978-photo-Amédée-Galan-pour-site.jpg" target="_blank" rel="noopener"><img loading="lazy" decoding="async" class="alignnone size-medium wp-image-1593" src="https://amisjosephvaylet.fr/wp-content/uploads/2021/11/Zefir-Bosc-et-Joseph-Vaylet-6-juillet-1978-photo-Amédée-Galan-pour-site-300x213.jpg" alt="" width="300" height="213" srcset="https://amisjosephvaylet.fr/wp-content/uploads/2021/11/Zefir-Bosc-et-Joseph-Vaylet-6-juillet-1978-photo-Amédée-Galan-pour-site-300x213.jpg 300w, https://amisjosephvaylet.fr/wp-content/uploads/2021/11/Zefir-Bosc-et-Joseph-Vaylet-6-juillet-1978-photo-Amédée-Galan-pour-site-768x544.jpg 768w, https://amisjosephvaylet.fr/wp-content/uploads/2021/11/Zefir-Bosc-et-Joseph-Vaylet-6-juillet-1978-photo-Amédée-Galan-pour-site-1024x725.jpg 1024w, https://amisjosephvaylet.fr/wp-content/uploads/2021/11/Zefir-Bosc-et-Joseph-Vaylet-6-juillet-1978-photo-Amédée-Galan-pour-site.jpg 1063w" sizes="auto, (max-width: 300px) 85vw, 300px" /></a>Josèp Vaylet (1894-1982) e Zefir Bòsc (1927-2020)<br />
Los dos Felibres Majorals de la Val d&rsquo;Òlt</p>
<p>&#8211; <a href="https://amisjosephvaylet.fr/wp-content/uploads/2021/11/A-MON-CAR-AMIC-ZEFIR-BÒSC-pour-la-cigale-dargent-1.pdf" target="_blank" rel="noopener">A MON CAR AMIC ZEFIR BÒSC </a><em>per la remesa de sa Cigala d’argent 3 de setembre de 1977<br />
&#8211; </em><a href="https://amisjosephvaylet.fr/wp-content/uploads/2021/11/Per-la-cigala-daur-de-Zefir-Bòsc-1.pdf" target="_blank" rel="noopener">PER LA CIGALA D&rsquo;AUR DE ZEFIR BÒSC</a> <em>19 octobre 1980</em></p>
<ul>
<li><a href="https://amisjosephvaylet.fr/wp-content/uploads/2021/11/Al-Vaylet-Grand-del-Roergue-Nòstre_20211126_0001-1.pdf" target="_blank" rel="noopener"><span dir="ltr" role="presentation">Al </span><span dir="ltr" role="presentation">Vaylet </span><span dir="ltr" role="presentation">Grand </span><span dir="ltr" role="presentation">del </span><span dir="ltr" role="presentation">Roergue </span></a><span dir="ltr" role="presentation">Nòstre (Espeyrac le 24 décembre 1982) Joseph Vaylet 1894-1982 &#8211; Un amoureux du terroir &#8211; Musée Bibliothèque Joseph Vaylet &#8211; Juillet 1994<br />
</span></li>
<li><a href="https://amisjosephvaylet.fr/wp-content/uploads/2021/11/Josèp-Vaylet-lo-remosaire-felibrenc_20211126_0001-1.pdf" target="_blank" rel="noopener"><span dir="ltr" role="presentation">Josèp Vaylet</span><span dir="ltr" role="presentation">, </span><span dir="ltr" role="presentation">lo </span><span dir="ltr" role="presentation">remosaire </span></a><span dir="ltr" role="presentation">felibrenc (Espeyrac mai 1994) Joseph Vaylet 1894-1982 &#8211; Un amoureux du terroir &#8211; Musée Bibliothèque Joseph Vaylet &#8211; Juillet 1994<br />
</span></li>
<li><a href="https://amisjosephvaylet.fr/wp-content/uploads/2021/11/Hommage-de-Zefir-Bosc-à-Vaylet-catalogue-expo-2019.pdf" target="_blank" rel="noopener"><span dir="ltr" role="presentation">HOMMAGE </span><span dir="ltr" role="presentation">DE ZEPHYR </span> </a><span dir="ltr" role="presentation">BOSC (29 juin 2019) Catalogue de l&rsquo;exposition « Joseph Vaylet Majoral du Félibrige et Poète collectionneur » Musée des moeurs et coutumes &#8211; Espalion &#8211; Aveyron<br />
</span></li>
<li><a href="https://amisjosephvaylet.fr/wp-content/uploads/2021/11/Lo-Barde-e-lArremosaire_20211126_0001-1.pdf" target="_blank" rel="noopener"><span dir="ltr" role="presentation">OMENATGE </span><span dir="ltr" role="presentation">A JOSÈP </span><span dir="ltr" role="presentation">VAYLET </span><span dir="ltr" role="presentation">(12/11</span>/<span dir="ltr" role="presentation">1894</span><span dir="ltr" role="presentation">-1</span><span dir="ltr" role="presentation">9/</span><span dir="ltr" role="presentation">12</span>/1<span dir="ltr" role="presentation">982) </span></a><span dir="ltr" role="presentation">Notiça biografica </span><span dir="ltr" role="presentation">e </span><span dir="ltr" role="presentation">bibliografica &#8211; Lo Barde e l&rsquo;Arremosaire de la valòia d&rsquo;Òlt e de Las Calms d&rsquo;Aubrac &#8211; Josèp Vaylet Majoral del Felibrige &#8211; Publicat per l&rsquo;Associacion dels Amics de Josèp Vaylet e pel Grelh Roergàs (Documents Canta-Grelh n°3 &#8211; 1994)<br />
</span></li>
</ul>
<p><em> </em></p>

<p>Josèp Vaylet (1894-1982) e Zefir Bòsc (1927-2020) Los dos Felibres Majorals de la Val d&rsquo;Òlt &#8211; A MON CAR AMIC ZEFIR BÒSC per la remesa de sa Cigala d’argent 3 de setembre de 1977 &#8211; PER LA CIGALA D&rsquo;AUR DE ZEFIR BÒSC 19 octobre 1980 Al Vaylet Grand del Roergue Nòstre (Espeyrac le 24 décembre &hellip; <a href="https://amisjosephvaylet.fr/?page_id=1559" class="more-link">Continuer la lecture<span class="screen-reader-text"> de &laquo;&nbsp;Los dos Felibres Majorals de la Val Nalta d&rsquo;Òlt&nbsp;&raquo;</span></a></p>
