{"id":1504,"date":"2021-11-25T23:08:55","date_gmt":"2021-11-25T22:08:55","guid":{"rendered":"http:\/\/amisjosephvaylet.fr\/?page_id=1504"},"modified":"2021-11-26T11:35:34","modified_gmt":"2021-11-26T10:35:34","slug":"quelques-avant-propos","status":"publish","type":"page","link":"https:\/\/amisjosephvaylet.fr\/?page_id=1504","title":{"rendered":"Avant-propos"},"content":{"rendered":"<p>Can\u00e7oni\u00e8r de la ribi\u00e8ira d\u2019Olt\u00a0: <a href=\"https:\/\/amisjosephvaylet.fr\/wp-content\/uploads\/2021\/11\/Avant-propos-Can\u00e7oni\u00e8r-de-la-ribi\u00e8ira-dOlt-Zefir.pdf\" target=\"_blank\" rel=\"noopener\">Avant-propos de Zefir B\u00f2sc<\/a><\/p>\n<p>La vinha e lo vin\u00a0: <a href=\"https:\/\/amisjosephvaylet.fr\/wp-content\/uploads\/2021\/11\/La-vinha-e-lo-vin-2018-note-de-l\u00e9diteur.pdf\" target=\"_blank\" rel=\"noopener\">Note de l\u2019\u00e9diteur<\/a><\/p>\n<p>Les gabarriers du Lot\u00a0: <a href=\"https:\/\/amisjosephvaylet.fr\/wp-content\/uploads\/2021\/11\/Les-gabarriers-du-Lot-Pr\u00e9face-Jacques-Astor.pdf\" target=\"_blank\" rel=\"noopener\">Pr\u00e9face de Jacques Astor<\/a><\/p>\n<p>Asu\u00e8lhs regu\u00e8rgues\u00a0: <a href=\"https:\/\/amisjosephvaylet.fr\/wp-content\/uploads\/2021\/11\/Pr\u00e9sentation-par-Monestier-dans-Asu\u00e8lhs-regu\u00e8rgues.pdf\" target=\"_blank\" rel=\"noopener\">Pr\u00e9sentation par le Majoral Joan Monestier<\/a><\/p>\n<p>Memorias d\u2019un vailet de boria\u00a0: <a href=\"https:\/\/amisjosephvaylet.fr\/wp-content\/uploads\/2021\/11\/Zefir-dans-Memorias-dun-vailet-de-boria.pdf\" target=\"_blank\" rel=\"noopener\">\u00ab\u00a0Estamp\u00e8l\u00a0\u00bb de Zefir B\u00f2sc<\/a><\/p>\n<p>Racontes del pa\u00efs ribieirol\u00a0: <a href=\"https:\/\/amisjosephvaylet.fr\/wp-content\/uploads\/2021\/11\/Zefir-et-la-langue-dans-Racontes-del-pa\u00efs-ribieirol.pdf\" target=\"_blank\" rel=\"noopener\">Zefir et la langue<\/a><\/p>\n<p>Racontes et nov\u00e8las del pa\u00efs d\u2019Olt\u00a0: <a href=\"https:\/\/amisjosephvaylet.fr\/wp-content\/uploads\/2021\/11\/Zefir-par-Cristian-Rapin.pdf\" target=\"_blank\" rel=\"noopener\">Zefir B\u00f2sc\u00a0: La Cotan\u00e7a e lo S\u00f2mi par Cristian Rapin<\/a><\/p>\n<p>Al caire des terrador\u00a0: <a href=\"https:\/\/amisjosephvaylet.fr\/wp-content\/uploads\/2021\/11\/Zefir-par-Jean-Fay-al-ca\u00efre-del-terrador.pdf\" target=\"_blank\" rel=\"noopener\">Lendal par Jean Fay<\/a><\/p>\n<p>Racontes e nov\u00e8las del pa\u00efs d\u2019Olt\u00a0: <a href=\"https:\/\/amisjosephvaylet.fr\/wp-content\/uploads\/2021\/11\/Zefir-par-Joan-Fouri\u00e9-Racontes-e-nov\u00e8las-del-pa\u00efs-dOlt.pdf\" target=\"_blank\" rel=\"noopener\">L\u2019\u00f2bra de Zefir B\u00f2sc par Joan Fouri\u00e9<\/a><\/p>\n<p>Transhumances\u00a0: <a href=\"https:\/\/amisjosephvaylet.fr\/wp-content\/uploads\/2021\/11\/Zefir-par-Maryline-Bosc-Pr\u00e9face-Transhumances.pdf\" target=\"_blank\" rel=\"noopener\">Pr\u00e9face de Maryline B\u00f2sc<\/a><\/p>\n<p>Pescas d\u2019Olt\u00a0: Pr\u00e9face de No\u00ebl Lafon <a href=\"https:\/\/amisjosephvaylet.fr\/wp-content\/uploads\/2021\/11\/Zefir-par-No\u00ebl-Lafon-en-fran\u00e7ais-dans-Pescas-dOlt.pdf\" target=\"_blank\" rel=\"noopener\">en fran\u00e7ais<\/a> et <a href=\"https:\/\/amisjosephvaylet.fr\/wp-content\/uploads\/2021\/11\/Zefir-par-No\u00ebl-Lafon-en-oc-dans-Pescas-dOlt.pdf\" target=\"_blank\" rel=\"noopener\">en occitan\u00a0: \u00ab\u00a0Portisson\u00a0\u00bb<\/a><\/p>\n","protected":false},"excerpt":{"rendered":"<p>Can\u00e7oni\u00e8r de la ribi\u00e8ira d\u2019Olt\u00a0: Avant-propos de Zefir B\u00f2sc La vinha e lo vin\u00a0: Note de l\u2019\u00e9diteur Les gabarriers du Lot\u00a0: Pr\u00e9face de Jacques Astor Asu\u00e8lhs regu\u00e8rgues\u00a0: Pr\u00e9sentation par le Majoral Joan Monestier Memorias d\u2019un vailet de boria\u00a0: \u00ab\u00a0Estamp\u00e8l\u00a0\u00bb de Zefir B\u00f2sc Racontes del pa\u00efs ribieirol\u00a0: Zefir et la langue Racontes et nov\u00e8las del pa\u00efs &hellip; <a href=\"https:\/\/amisjosephvaylet.fr\/?page_id=1504\" class=\"more-link\">Continuer la lecture<span class=\"screen-reader-text\"> de &laquo;&nbsp;Avant-propos&nbsp;&raquo;<\/span><\/a><\/p>\n","protected":false},"author":5,"featured_media":0,"parent":0,"menu_order":0,"comment_status":"closed","ping_status":"closed","template":"","meta":{"footnotes":""},"class_list":["post-1504","page","type-page","status-publish","hentry"],"_links":{"self":[{"href":"https:\/\/amisjosephvaylet.fr\/index.php?rest_route=\/wp\/v2\/pages\/1504","targetHints":{"allow":["GET"]}}],"collection":[{"href":"https:\/\/amisjosephvaylet.fr\/index.php?rest_route=\/wp\/v2\/pages"}],"about":[{"href":"https:\/\/amisjosephvaylet.fr\/index.php?rest_route=\/wp\/v2\/types\/page"}],"author":[{"embeddable":true,"href":"https:\/\/amisjosephvaylet.fr\/index.php?rest_route=\/wp\/v2\/users\/5"}],"replies":[{"embeddable":true,"href":"https:\/\/amisjosephvaylet.fr\/index.php?rest_route=%2Fwp%2Fv2%2Fcomments&post=1504"}],"version-history":[{"count":17,"href":"https:\/\/amisjosephvaylet.fr\/index.php?rest_route=\/wp\/v2\/pages\/1504\/revisions"}],"predecessor-version":[{"id":1536,"href":"https:\/\/amisjosephvaylet.fr\/index.php?rest_route=\/wp\/v2\/pages\/1504\/revisions\/1536"}],"wp:attachment":[{"href":"https:\/\/amisjosephvaylet.fr\/index.php?rest_route=%2Fwp%2Fv2%2Fmedia&parent=1504"}],"curies":[{"name":"wp","href":"https:\/\/api.w.org\/{rel}","templated":true}]}}

<p>Cançonièr de la ribièira d’Olt : <a href="https://amisjosephvaylet.fr/wp-content/uploads/2021/11/Avant-propos-Cançonièr-de-la-ribièira-dOlt-Zefir.pdf" target="_blank" rel="noopener">Avant-propos de Zefir Bòsc</a></p>
<p>La vinha e lo vin : <a href="https://amisjosephvaylet.fr/wp-content/uploads/2021/11/La-vinha-e-lo-vin-2018-note-de-léditeur.pdf" target="_blank" rel="noopener">Note de l’éditeur</a></p>
<p>Les gabarriers du Lot : <a href="https://amisjosephvaylet.fr/wp-content/uploads/2021/11/Les-gabarriers-du-Lot-Préface-Jacques-Astor.pdf" target="_blank" rel="noopener">Préface de Jacques Astor</a></p>
<p>Asuèlhs reguèrgues : <a href="https://amisjosephvaylet.fr/wp-content/uploads/2021/11/Présentation-par-Monestier-dans-Asuèlhs-reguèrgues.pdf" target="_blank" rel="noopener">Présentation par le Majoral Joan Monestier</a></p>
<p>Memorias d’un vailet de boria : <a href="https://amisjosephvaylet.fr/wp-content/uploads/2021/11/Zefir-dans-Memorias-dun-vailet-de-boria.pdf" target="_blank" rel="noopener">« Estampèl » de Zefir Bòsc</a></p>
<p>Racontes del païs ribieirol : <a href="https://amisjosephvaylet.fr/wp-content/uploads/2021/11/Zefir-et-la-langue-dans-Racontes-del-païs-ribieirol.pdf" target="_blank" rel="noopener">Zefir et la langue</a></p>
<p>Racontes et novèlas del païs d’Olt : <a href="https://amisjosephvaylet.fr/wp-content/uploads/2021/11/Zefir-par-Cristian-Rapin.pdf" target="_blank" rel="noopener">Zefir Bòsc : La Cotança e lo Sòmi par Cristian Rapin</a></p>
<p>Al caire des terrador : <a href="https://amisjosephvaylet.fr/wp-content/uploads/2021/11/Zefir-par-Jean-Fay-al-caïre-del-terrador.pdf" target="_blank" rel="noopener">Lendal par Jean Fay</a></p>
<p>Racontes e novèlas del païs d’Olt : <a href="https://amisjosephvaylet.fr/wp-content/uploads/2021/11/Zefir-par-Joan-Fourié-Racontes-e-novèlas-del-païs-dOlt.pdf" target="_blank" rel="noopener">L’òbra de Zefir Bòsc par Joan Fourié</a></p>
<p>Transhumances : <a href="https://amisjosephvaylet.fr/wp-content/uploads/2021/11/Zefir-par-Maryline-Bosc-Préface-Transhumances.pdf" target="_blank" rel="noopener">Préface de Maryline Bòsc</a></p>
<p>Pescas d’Olt : Préface de Noël Lafon <a href="https://amisjosephvaylet.fr/wp-content/uploads/2021/11/Zefir-par-Noël-Lafon-en-français-dans-Pescas-dOlt.pdf" target="_blank" rel="noopener">en français</a> et <a href="https://amisjosephvaylet.fr/wp-content/uploads/2021/11/Zefir-par-Noël-Lafon-en-oc-dans-Pescas-dOlt.pdf" target="_blank" rel="noopener">en occitan : « Portisson »</a></p>

<p>Cançonièr de la ribièira d’Olt : Avant-propos de Zefir Bòsc La vinha e lo vin : Note de l’éditeur Les gabarriers du Lot : Préface de Jacques Astor Asuèlhs reguèrgues : Présentation par le Majoral Joan Monestier Memorias d’un vailet de boria : « Estampèl » de Zefir Bòsc Racontes del païs ribieirol : Zefir et la langue Racontes et novèlas del païs &hellip; <a href="https://amisjosephvaylet.fr/?page_id=1504" class="more-link">Continuer la lecture<span class="screen-reader-text"> de &laquo;&nbsp;Avant-propos&nbsp;&raquo;</span></a></p>
