{"id":1471,"date":"2021-11-25T18:34:16","date_gmt":"2021-11-25T17:34:16","guid":{"rendered":"http:\/\/amisjosephvaylet.fr\/?page_id=1471"},"modified":"2021-11-29T23:52:19","modified_gmt":"2021-11-29T22:52:19","slug":"biographie-et-prix","status":"publish","type":"page","link":"https:\/\/amisjosephvaylet.fr\/?page_id=1471","title":{"rendered":"Articles"},"content":{"rendered":"<p>&nbsp;<\/p>\n<table>\n<tbody>\n<tr>\n<td width=\"158\"><strong>Titre de l&rsquo;article<\/strong><\/td>\n<td width=\"123\"><strong>Titre de la revue<\/strong><\/td>\n<td width=\"123\"><strong>Editeur de la revue<\/strong><\/td>\n<td width=\"47\"><strong>Date<\/strong><\/td>\n<td width=\"57\"><strong>Pages<\/strong><\/td>\n<\/tr>\n<tr>\n<td width=\"158\"><\/td>\n<td width=\"123\"><\/td>\n<td width=\"123\"><\/td>\n<td width=\"47\"><\/td>\n<td width=\"57\"><\/td>\n<\/tr>\n<tr>\n<td width=\"158\">La situation des vignerons de la Vall\u00e9e du Lot \u00e0 la veille de la R\u00e9volution fran\u00e7aise<\/td>\n<td width=\"123\">Etudes Aveyronnaises<\/td>\n<td width=\"123\">Soci\u00e9t\u00e9 des Lettres, Sciences et Arts de l&rsquo;Aveyron<\/td>\n<td style=\"text-align: center;\" width=\"47\">1996<\/td>\n<td width=\"57\">pages 11 \u00e0 17<\/td>\n<\/tr>\n<tr>\n<td width=\"158\">Le botaniste occitan Jean Carbonel (1864-1942)<\/td>\n<td width=\"123\">Etudes Aveyronnaises<\/td>\n<td width=\"123\">Soci\u00e9t\u00e9 des Lettres, Sciences et Arts de l&rsquo;Aveyron<\/td>\n<td style=\"text-align: center;\" width=\"47\">2004<\/td>\n<td width=\"57\">pages 31 \u00e0 38<\/td>\n<\/tr>\n<tr>\n<td width=\"158\">Al amic Joan Fouri\u00e9<\/td>\n<td width=\"123\">Armanac Roerg\u00e0s<\/td>\n<td width=\"123\">Grelh roerg\u00e0s<\/td>\n<td style=\"text-align: center;\" width=\"47\">1988<\/td>\n<td width=\"57\">page 36<\/td>\n<\/tr>\n<tr>\n<td width=\"158\">Le Dom de Vilhi\u00e8s<\/td>\n<td width=\"123\">Revue du Rouergue<\/td>\n<td width=\"123\">Les Amis de Pierre-Carr\u00e8re<\/td>\n<td style=\"text-align: center;\" width=\"47\">n\u00b0122 &#8211; 1990<\/td>\n<td width=\"57\"><\/td>\n<\/tr>\n<tr>\n<td width=\"158\">Gabariers et merrandiers de la Vall\u00e9e d&rsquo;Olt<\/td>\n<td width=\"123\">P.V. de la S. d. L. tome XXXXIII, 3\u00e8me fascicule<\/td>\n<td width=\"123\">Soci\u00e9t\u00e9 des Lettres, Sciences et Arts de l&rsquo;Aveyron<\/td>\n<td style=\"text-align: center;\" width=\"47\">1981<\/td>\n<td width=\"57\">pages 25 \u00e0 34<\/td>\n<\/tr>\n<tr>\n<td width=\"158\">Escrivans de l&rsquo;encontrada d&rsquo;Entraigas<\/td>\n<td width=\"123\">Armanac Roerg\u00e0s<\/td>\n<td width=\"123\">Grelh roerg\u00e0s<\/td>\n<td style=\"text-align: center;\" width=\"47\">1988<\/td>\n<td width=\"57\">pages 54 et 55<\/td>\n<\/tr>\n<tr>\n<td width=\"158\"><a href=\"https:\/\/amisjosephvaylet.fr\/wp-content\/uploads\/2021\/11\/C\u00e9lestin-Aygalenq-par-Zefir-B\u00f2sc.pdf\" target=\"_blank\" rel=\"noopener\">C\u00e9lestin Aygalenq (1915-1959) &#8211; <em>St Justin 1990 \u00e0 La Terrisse<\/em><\/a><\/td>\n<td width=\"123\">Documents Canta-Grelh 2<\/td>\n<td width=\"123\">Grelh roerg\u00e0s<\/td>\n<td style=\"text-align: center;\" width=\"47\">1990<\/td>\n<td width=\"57\">pages 29 et 30<\/td>\n<\/tr>\n<tr>\n<td width=\"158\">Pr\u00e9face de \u00ab\u00a0Sur le Lot\u00a0\u00bb de Pierre Poujol<\/td>\n<td width=\"123\"><img loading=\"lazy\" decoding=\"async\" class=\"alignnone size-medium wp-image-1599\" src=\"https:\/\/amisjosephvaylet.fr\/wp-content\/uploads\/2021\/11\/2009-Sur-le-Lot-pr\u00e9face-de-Zefir-Bosc-211x300.jpg\" alt=\"\" width=\"211\" height=\"300\" srcset=\"https:\/\/amisjosephvaylet.fr\/wp-content\/uploads\/2021\/11\/2009-Sur-le-Lot-pr\u00e9face-de-Zefir-Bosc-211x300.jpg 211w, https:\/\/amisjosephvaylet.fr\/wp-content\/uploads\/2021\/11\/2009-Sur-le-Lot-pr\u00e9face-de-Zefir-Bosc.jpg 670w\" sizes=\"auto, (max-width: 211px) 85vw, 211px\" \/><\/td>\n<td width=\"123\"><\/td>\n<td style=\"text-align: center;\" width=\"47\">2009<\/td>\n<td width=\"57\"><\/td>\n<\/tr>\n<tr>\n<td width=\"158\"><a href=\"https:\/\/amisjosephvaylet.fr\/wp-content\/uploads\/2021\/11\/Articles-de-Zefir-Bosc-dans-Lo-convise.pdf\" target=\"_blank\" rel=\"noopener\">Articles, chansons, po\u00e8mes,\u00a0 parus dans \u00ab\u00a0Lo convise\u00a0\u00bb (Association culturelle occitane \u00e0 Aurillac &#8211; Cantal)<\/a><\/td>\n<td style=\"text-align: center;\" width=\"123\">1995 \u00e0 2008<\/td>\n<td style=\"text-align: center;\" width=\"123\">2017 \u00e0 2021<\/td>\n<td width=\"47\"><\/td>\n<td width=\"57\"><\/td>\n<\/tr>\n<\/tbody>\n<\/table>\n","protected":false},"excerpt":{"rendered":"<p>&nbsp; Titre de l&rsquo;article Titre de la revue Editeur de la revue Date Pages La situation des vignerons de la Vall\u00e9e du Lot \u00e0 la veille de la R\u00e9volution fran\u00e7aise Etudes Aveyronnaises Soci\u00e9t\u00e9 des Lettres, Sciences et Arts de l&rsquo;Aveyron 1996 pages 11 \u00e0 17 Le botaniste occitan Jean Carbonel (1864-1942) Etudes Aveyronnaises Soci\u00e9t\u00e9 des &hellip; <a href=\"https:\/\/amisjosephvaylet.fr\/?page_id=1471\" class=\"more-link\">Continuer la lecture<span class=\"screen-reader-text\"> de &laquo;&nbsp;Articles&nbsp;&raquo;<\/span><\/a><\/p>\n","protected":false},"author":5,"featured_media":0,"parent":1397,"menu_order":30,"comment_status":"closed","ping_status":"closed","template":"","meta":{"footnotes":""},"class_list":["post-1471","page","type-page","status-publish","hentry"],"_links":{"self":[{"href":"https:\/\/amisjosephvaylet.fr\/index.php?rest_route=\/wp\/v2\/pages\/1471","targetHints":{"allow":["GET"]}}],"collection":[{"href":"https:\/\/amisjosephvaylet.fr\/index.php?rest_route=\/wp\/v2\/pages"}],"about":[{"href":"https:\/\/amisjosephvaylet.fr\/index.php?rest_route=\/wp\/v2\/types\/page"}],"author":[{"embeddable":true,"href":"https:\/\/amisjosephvaylet.fr\/index.php?rest_route=\/wp\/v2\/users\/5"}],"replies":[{"embeddable":true,"href":"https:\/\/amisjosephvaylet.fr\/index.php?rest_route=%2Fwp%2Fv2%2Fcomments&post=1471"}],"version-history":[{"count":21,"href":"https:\/\/amisjosephvaylet.fr\/index.php?rest_route=\/wp\/v2\/pages\/1471\/revisions"}],"predecessor-version":[{"id":1606,"href":"https:\/\/amisjosephvaylet.fr\/index.php?rest_route=\/wp\/v2\/pages\/1471\/revisions\/1606"}],"up":[{"embeddable":true,"href":"https:\/\/amisjosephvaylet.fr\/index.php?rest_route=\/wp\/v2\/pages\/1397"}],"wp:attachment":[{"href":"https:\/\/amisjosephvaylet.fr\/index.php?rest_route=%2Fwp%2Fv2%2Fmedia&parent=1471"}],"curies":[{"name":"wp","href":"https:\/\/api.w.org\/{rel}","templated":true}]}}